887436.
2, 31221859
List the prime factors of 3157249735.
5, 619, 1020113
What are the prime factors of 1037299954?
2, 23, 197, 114467
List the prime factors of 27055024.
2, 17, 5851
What are the prime factors of 951363944?
2, 118920493
What are the prime factors of 5072946729?
3, 1690982243
List the prime factors of 1826430547.
17, 43, 1549, 1613
What are the prime factors of 34199243?
13, 557, 4723
What are the prime factors of 59522663?
59522663
List the prime factors of 132092828.
2, 7, 673943
List the prime factors of 74215358.
2, 7, 5301097
What are the prime factors of 117490660?
2, 5, 7, 227, 3697
What are the prime factors of 6008708597?
167, 3181, 11311
What are the prime factors of 3782329833?
3, 1260776611
List the prime factors of 555422080.
2, 5, 41, 61, 347
What are the prime factors of 383153754?
2, 3, 227, 281317
List the prime factors of 369007155.
3, 5, 11, 107, 6967
What are the prime factors of 21116256?
2, 3, 7, 67
What are the prime factors of 881215683?
3, 53, 5542237
List the prime factors of 306791572.
2, 23, 83, 40177
What are the prime factors of 608657984?
2, 11, 223, 3877
What are the prime factors of 249556159?
249556159
List the prime factors of 50287501.
11, 193, 23687
List the prime factors of 211565438.
2, 7, 2158831
List the prime factors of 4346364194.
2, 17, 127834241
What are the prime factors of 60062684?
2, 11, 487, 2803
What are the prime factors of 113579064?
2, 3, 421, 1249
List the prime factors of 914109327.
3, 33855901
List the prime factors of 931652688.
2, 3, 19, 67, 79, 193
What are the prime factors of 159212321?
159212321
List the prime factors of 58804963.
7, 8400709
List the prime factors of 2243894263.
13, 2423, 71237
What are the prime factors of 498639253?
7, 29, 41, 181, 331
What are the prime factors of 73969520?
2, 5, 701, 1319
List the prime factors of 513848342.
2, 7, 1223, 30011
List the prime factors of 1685081203.
13, 2393, 54167
List the prime factors of 28772864.
2, 56197
What are the prime factors of 67635009?
3, 13, 578077
List the prime factors of 715176598.
2, 29, 12330631
What are the prime factors of 39770303?
31, 1282913
What are the prime factors of 69424928?
2, 2169529
List the prime factors of 328471624.
2, 13, 3158381
What are the prime factors of 235815714?
2, 3, 419, 31267
List the prime factors of 141013003.
19, 647, 11471
What are the prime factors of 31283689?
17, 769, 2393
What are the prime factors of 6133272531?
3, 31, 2297, 28711
What are the prime factors of 509521558?
2, 7, 13, 647, 4327
List the prime factors of 34455683.
19, 29, 62533
What are the prime factors of 47316658?
2, 23, 181, 5683
What are the prime factors of 43365226?
2, 21682613
List the prime factors of 3708795904.
2, 11, 83, 3967
What are the prime factors of 166516710?
2, 3, 5, 5550557
List the prime factors of 25681305.
3, 5, 13, 17, 61, 127
What are the prime factors of 1321408489?
23, 57452543
What are the prime factors of 1940212137?
3, 151, 4283029
List the prime factors of 98377866.
2, 3, 73, 74869
What are the prime factors of 723082134?
2, 3, 373, 323093
List the prime factors of 2805734053.
23743, 118171
What are the prime factors of 51805214?
2, 149, 263, 661
List the prime factors of 64084712.
2, 8010589
List the prime factors of 3255354040.
2, 5, 81383851
List the prime factors of 253483105.
5, 50696621
What are the prime factors of 111870178?
2, 7, 401, 19927
List the prime factors of 3395077302.
2, 3, 37, 15293141
List the prime factors of 939289722.
2, 3, 7, 456409
List the prime factors of 158584257.
3, 13, 37, 12211
List the prime factors of 129862726.
2, 7, 1151, 8059
What are the prime factors of 17131390?
2, 5, 347, 4937
List the prime factors of 487389922.
2, 107, 181, 12583
What are the prime factors of 658251761?
41, 2153, 7457
List the prime factors of 131592585.
3, 5, 8772839
List the prime factors of 894960548.
2, 43, 223, 23333
What are the prime factors of 2694799140?
2, 3, 5, 11, 23, 113, 1571
List the prime factors of 28556561.
11, 29, 89519
What are the prime factors of 8811001929?
3, 43973, 66791
What are the prime factors of 23231978?
2, 7, 11, 23, 937
List the prime factors of 297106642.
2, 7, 73, 290711
List the prime factors of 200767158.
2, 3, 11153731
What are the prime factors of 263153869?
11, 23923079
List the prime factors of 3067062530.
2, 5, 7, 43815179
List the prime factors of 404954695.
5, 19, 29, 146989
List the prime factors of 4115535560.
2, 5, 59, 1743871
What are the prime factors of 32553412?
2, 443, 18371
What are the prime factors of 2354997628?
2, 4639, 126913
What are the prime factors of 65930909?
11, 5993719
List the prime factors of 98598355.
5, 23, 43, 127, 157
What are the prime factors of 1899711247?
7, 6869, 39509
What are the prime factors of 59573800?
2, 5, 11, 13, 2083
List the prime factors of 5157972.
2, 3, 163, 293
List the prime factors of 1647860360.
2, 5, 41196509
What are the prime factors of 2744045870?
2, 5, 274404587
What are the prime factors of 1323540160?
2, 5, 131, 31573
List the prime factors of 143587820.
2, 5, 47, 152753
List the prime factors of 344641037.
13, 26510849
What are the prime factors of 2082158053?
23, 53, 1708087
What are the prime factors of 12507697?
12507697
What are the prime factors of 397507906?
2, 17, 487, 24007
What are the prime factors of 28488069?
3, 3165341
What are the prime factors of 5678388?
2, 3, 157733
What are the prime factors of 11680700?
2, 5, 17, 6871
List the prime factors of 209719200.
2, 3, 5, 87383
List the prime factors of 54286247.
54286247
What are the prime factors of 2226466435?
5, 12541, 35507
List the prime factors of 1821276548.
2, 7, 13, 5003507
What are the prime factors of 155479436?
2, 7, 719, 7723
What are the prime factors of 2916664673?
13, 19, 43, 311, 883
What are the prime factors of 5923415757?
3, 7, 17, 16592201
List the prime factors of 2202539637.
3, 734179879
What are the prime factors of 121210143?
3, 349, 115769
What are the prime factors of 2456907316?
2, 614226829
List the prime factors of 410435435.
5, 19, 4320373
What are the prime factors of 224366164?
2, 11, 821, 6211
What are the prime factors of 438595576?
2, 1889, 29023
List the prime factors of 89530539.
3, 7, 4263359
What are the prime factors of 41945700?
2, 3, 5, 89, 1571
List the prime factors of 602863915.
5, 61, 1976603
What are the prime factors of 613480075?
5, 13, 19, 99349
List the prime factors of 607743371.
137, 487, 9109
List the prime factors of 932708216.
2, 11, 10598957
What are the prime factors of 445565411?
61, 251, 29101
What are the prime factors of 33840080?
2, 5, 423001
List the prime factors of 185431986.
2, 3, 10301777
What are the prime factors of 302411175?
3, 5, 11, 37, 9907
What are the prime factors of 2247959366?
2, 1123979683
List the prime factors of 301584264.
2, 3, 19, 313, 2113
What are the prime factors of 465685575?
3, 5, 1637, 3793
What are the prime factors of 1438797004?
2, 73, 4927387
What are the prime factors of 4702449833?
73, 64417121
What are the prime factors of 2367814884?
2, 3, 19, 546587
What are the prime factors of 163521461?
103, 1587587
What are the prime factors of 1125786469?
1259, 894191
What are the prime factors of 2708938304?
2, 17, 773, 3221
What are the prime factors of 22985090?
2, 5, 307, 7487
What are the prime factors of 296436176?
2, 19, 367, 2657
What are the prime factors of 139547690?
2, 5, 13954769
List the prime factors of 1629528790.
2, 5, 162952879
What are the prime factors of 64417212?
2, 3, 1789367
What are the prime factors of 284668906?
2, 19, 7491287
List the prime factors of 16005519.
3, 197599
List the prime factors of 70687804.
2, 11, 1606541
List the prime factors of 63931561.
19, 643, 5233
List the prime factors of 675285998.
2, 337642999
List the prime factors of 5467705324.
2, 1366926331
What are the prime factors of 434828297?
434828297
List the prime factors of 1971429050.
2, 5, 39428581
List the prime factors of 55924233.
3, 1831, 10181
List the prime factors of 149110768.
2, 41, 227303
What are the prime factors of 135867687?
3, 45289229
List the prime factors of 811780007.
109, 7447523
List the prime factors of 229172823.
3, 11, 2314877
What are the prime factors of 1159785646?
2, 37, 